{"id":327,"date":"2012-12-21T00:28:25","date_gmt":"2012-12-21T00:28:25","guid":{"rendered":"https:\/\/liazatz.com.br\/site\/?page_id=327"},"modified":"2021-09-11T19:24:53","modified_gmt":"2021-09-11T19:24:53","slug":"jogo-duro-era-uma-vez-uma-historia-de-negros-que-passou-em-branco","status":"publish","type":"page","link":"https:\/\/liazatz.com.br\/site\/livros\/jogo-duro-era-uma-vez-uma-historia-de-negros-que-passou-em-branco\/","title":{"rendered":"\u2022 Jogo Duro &#8211; Era uma vez uma hist\u00f3ria de negros que passou em branco"},"content":{"rendered":"<p><!--:pt--><\/p>\n<div>\n<div style=\"text-align: center;\">\n<div>\n<p><a href=\"https:\/\/liazatz.com.br\/site\/wp-content\/uploads\/2012\/12\/3.Jogo_Duro.jpg\"><img loading=\"lazy\" decoding=\"async\" class=\"aligncenter size-full wp-image-474\" title=\"3.Jogo_Duro\" src=\"https:\/\/liazatz.com.br\/site\/wp-content\/uploads\/2012\/12\/3.Jogo_Duro.jpg\" alt=\"\" width=\"242\" height=\"317\" srcset=\"https:\/\/liazatz.com.br\/site\/wp-content\/uploads\/2012\/12\/3.Jogo_Duro.jpg 242w, https:\/\/liazatz.com.br\/site\/wp-content\/uploads\/2012\/12\/3.Jogo_Duro-229x300.jpg 229w\" sizes=\"auto, (max-width: 242px) 100vw, 242px\" \/><\/a><\/p>\n<\/div>\n<\/div>\n<\/div>\n<div>\n<div style=\"text-align: center;\">\n<div>\n<div>Ilustra\u00e7\u00f5es da 1\u00aa e 2\u00aa edi\u00e7\u00f5es: Hugo Corr\u00eaa;<\/div>\n<div>capa, projeto gr\u00e1fico e ilustra\u00e7\u00f5es da<\/div>\n<div>3\u00aa edi\u00e7\u00e3o reformulada: Robson Ara\u00fajo<\/div>\n<div>1\u00aa edi\u00e7\u00e3o da Pastel Editorial, 1990.<\/div>\n<div>2\u00aa e 3\u00aa edi\u00e7\u00f5es da Editora Dimens\u00e3o, 1996 e 2004.<\/div>\n<div>104 p\u00e1ginas<\/div>\n<\/div>\n<div><b style=\"color: #800080;\">* * * * *<\/b><\/div>\n<\/div>\n<div>\n<div style=\"text-align: center;\"><\/div>\n<div style=\"text-align: center;\"><a href=\"https:\/\/liazatz.com.br\/site\/wp-content\/uploads\/2012\/12\/3.2.Jogo_Duro.jpg\"><img loading=\"lazy\" decoding=\"async\" class=\"aligncenter size-full wp-image-475\" title=\"3.2.Jogo_Duro\" src=\"https:\/\/liazatz.com.br\/site\/wp-content\/uploads\/2012\/12\/3.2.Jogo_Duro.jpg\" alt=\"\" width=\"414\" height=\"287\" srcset=\"https:\/\/liazatz.com.br\/site\/wp-content\/uploads\/2012\/12\/3.2.Jogo_Duro.jpg 414w, https:\/\/liazatz.com.br\/site\/wp-content\/uploads\/2012\/12\/3.2.Jogo_Duro-300x207.jpg 300w\" sizes=\"auto, (max-width: 414px) 100vw, 414px\" \/><\/a><\/div>\n<div style=\"text-align: center;\"><\/div>\n<div style=\"text-align: center;\">\n<div>\n<div>&#8220;A \u00a0&#8220;hist\u00f3ria de negros&#8221;, contada por Lia Zatz, \u00e9 uma feliz empreitada no sentido de resgatar uma vers\u00e3o que passara &#8220;em branco&#8221; nas p\u00e1ginas dos livros de hist\u00f3ria oficiais. A hist\u00f3ria costuma ser contada pelos &#8220;vencedores&#8221;, e por seus similares vitoriosos nos jogos de poder econ\u00f4mico e social. Lia Zatz reconta o fen\u00f4meno da escravid\u00e3o sob a \u00f3tica dos negros tendo em vista as conting\u00eancias econ\u00f4micas que o geraram e que pressionaram a sua extin\u00e7\u00e3o. Passagens e personalidades que protagonizaram a vers\u00e3o conhecida e oficial da hist\u00f3ria, como a Lei \u00c1urea e a princesa Isabel, s\u00e3o &#8220;desmitificadas&#8221;. Com isso, a verdade que est\u00e1 nos livros \u00e9 relativizada em fun\u00e7\u00e3o da tradi\u00e7\u00e3o oral. Lia Zatz tamb\u00e9m recupera em seu texto as rela\u00e7\u00f5es de amizade e transmiss\u00e3o de conhecimento entre av\u00f4 e neto.<\/p>\n<p>O velho perde o estigma de senilidade para ganhar a sabedoria e o conhecimento como atributos de viv\u00eancia. V\u00f4 Chico \u00e9 av\u00f4 de Jo\u00e3o e quem lhe ensina, e aos colegas de escola, brancos, negros e mulatos, sobre a escravid\u00e3o. E a hist\u00f3ria de Jo\u00e3o reencena a discrimina\u00e7\u00e3o contra negros e pobres que se prefere acreditar inexistente no Brasil. Jogo Duro \u00e9 uma interessante aula de hist\u00f3ria do Brasil e de suas rela\u00e7\u00f5es de depend\u00eancia com os pa\u00edses europeus. Uma aula de hist\u00f3ria, dentro da hist\u00f3ria de Jo\u00e3o, v\u00f4 Chico, Zeca, Laura, Alfredinho&#8230; todos esses personagens inventados por Lia Zatz. \u00c9 a hist\u00f3ria contada atrav\u00e9s da fic\u00e7\u00e3o, o que serve n\u00e3o somente para prender a aten\u00e7\u00e3o do leitor como tamb\u00e9m para estimular o jovem a pensar&#8221; (Brazilian Book Magazine, publica\u00e7\u00e3o do Departamento Nacional do Livro da Funda\u00e7\u00e3o Biblioteca Nacional, ano 7, n\u00ba 14, mar\u00e7o de 1997).<\/p>\n<\/div>\n<\/div>\n<\/div>\n<\/div>\n<\/div>\n<p><b><a href=\"https:\/\/liazatz.com.br\/site\/wp-content\/uploads\/2012\/07\/divisoria11.jpg\"><img loading=\"lazy\" decoding=\"async\" class=\"alignnone size-full wp-image-57\" style=\"cursor: default;\" title=\"divisoria1\" src=\"https:\/\/liazatz.com.br\/site\/wp-content\/uploads\/2012\/07\/divisoria11.jpg\" alt=\"\" width=\"546\" height=\"31\" srcset=\"https:\/\/liazatz.com.br\/site\/wp-content\/uploads\/2012\/07\/divisoria11.jpg 546w, https:\/\/liazatz.com.br\/site\/wp-content\/uploads\/2012\/07\/divisoria11-300x17.jpg 300w\" sizes=\"auto, (max-width: 546px) 100vw, 546px\" \/><\/a><\/b><\/p>\n<p><a href=\"#Topo\"><span class=\"Apple-style-span\" style=\"color: #800080;\">&lt;&lt; VOLTAR PARA O TOPO<\/span><\/a><br \/>\n<!--:--><\/p>\n","protected":false},"excerpt":{"rendered":"<p>Ilustra\u00e7\u00f5es da 1\u00aa e 2\u00aa edi\u00e7\u00f5es: Hugo Corr\u00eaa; capa, projeto gr\u00e1fico e ilustra\u00e7\u00f5es da 3\u00aa edi\u00e7\u00e3o reformulada: Robson Ara\u00fajo 1\u00aa edi\u00e7\u00e3o da Pastel Editorial, 1990. 2\u00aa e 3\u00aa edi\u00e7\u00f5es da Editora Dimens\u00e3o, 1996 e 2004. 104 p\u00e1ginas * * * * * &#8220;A \u00a0&#8220;hist\u00f3ria de negros&#8221;, contada por Lia Zatz, \u00e9 uma feliz empreitada no [&hellip;]<\/p>\n","protected":false},"author":1,"featured_media":0,"parent":7,"menu_order":0,"comment_status":"closed","ping_status":"closed","template":"","meta":{"footnotes":""},"class_list":["post-327","page","type-page","status-publish","hentry"],"_links":{"self":[{"href":"https:\/\/liazatz.com.br\/site\/wp-json\/wp\/v2\/pages\/327","targetHints":{"allow":["GET"]}}],"collection":[{"href":"https:\/\/liazatz.com.br\/site\/wp-json\/wp\/v2\/pages"}],"about":[{"href":"https:\/\/liazatz.com.br\/site\/wp-json\/wp\/v2\/types\/page"}],"author":[{"embeddable":true,"href":"https:\/\/liazatz.com.br\/site\/wp-json\/wp\/v2\/users\/1"}],"replies":[{"embeddable":true,"href":"https:\/\/liazatz.com.br\/site\/wp-json\/wp\/v2\/comments?post=327"}],"version-history":[{"count":14,"href":"https:\/\/liazatz.com.br\/site\/wp-json\/wp\/v2\/pages\/327\/revisions"}],"predecessor-version":[{"id":1467,"href":"https:\/\/liazatz.com.br\/site\/wp-json\/wp\/v2\/pages\/327\/revisions\/1467"}],"up":[{"embeddable":true,"href":"https:\/\/liazatz.com.br\/site\/wp-json\/wp\/v2\/pages\/7"}],"wp:attachment":[{"href":"https:\/\/liazatz.com.br\/site\/wp-json\/wp\/v2\/media?parent=327"}],"curies":[{"name":"wp","href":"https:\/\/api.w.org\/{rel}","templated":true}]}}