{"id":1432,"date":"2021-08-26T02:13:11","date_gmt":"2021-08-26T02:13:11","guid":{"rendered":"https:\/\/liazatz.com.br\/site\/?page_id=1432"},"modified":"2021-09-11T18:28:08","modified_gmt":"2021-09-11T18:28:08","slug":"apresentacao","status":"publish","type":"page","link":"https:\/\/liazatz.com.br\/site\/apresentacao\/","title":{"rendered":"Apresenta\u00e7\u00e3o"},"content":{"rendered":"<p><span style=\"font-size: inherit;\">Um belo dia, tive um daqueles ataques t\u00edpicos de m\u00e3e. Como sempre, eu tinha trabalhado o dia todo, corrido para buscar minhas filhas na escola, j\u00e1 tinha dado banho nas duas, estava preparando seu jantar e elas na minha cabe\u00e7a, sem parar: \u201cm\u00e3e, eu quero isso\u201d, \u201cm\u00e3e, me d\u00e1 aquilo\u201d, \u201cm\u00e3e, olha a minha irm\u00e3!\u201d, \u201ceu que vou sentar perto da mam\u00e3e\u201d, \u201cn\u00e3o, sou eu\u201d. Sei que uma hora dei um grito: \u201cAi, eu quero ter duas cabe\u00e7as, quatro bra\u00e7os, quatro pernas&#8230; Uma m\u00e3e s\u00f3 para voc\u00eas duas, n\u00e3o d\u00e1!\u201d. Da\u00ed nasceu a ideia de escrever o meu primeiro livro: Suril\u00e9a-m\u00e3e-monstrinha.<\/span><\/p>\n<div>\n<p>Lembro-me exatamente de quando me tornei uma viciada em leitura. Faz muuuuiiito tempo. Eu tinha 15 anos e, ap\u00f3s uma cirurgia de garganta meio traum\u00e1tica, passei uma semana de cama, sem conseguir comer nem falar. Minha m\u00e3e me deu um caderninho para que eu pudesse me comunicar. E livros, muitos livros. Li muito nesses dias. E nunca mais parei. Acho que se hoje sou escritora, devo muito ao meu grande amor pela leitura.<\/p>\n<p>Com 17 anos, fui embora para a Fran\u00e7a. Era uma \u00e9poca tenebrosa no Brasil, que vivia sob uma ditadura militar. Nada se podia fazer, nada se podia falar, nada se podia ler. Eu estudava numa escola p\u00fablica de vanguarda e me envolvi, como muitos de meus colegas, com os movimentos que lutavam contra a ditadura. Fui embora para n\u00e3o ser presa, imaginando poder voltar em poucos meses. Fiquei cinco anos. Na Fran\u00e7a, terminei o colegial e me formei em Filosofia. Morar fora, aprender uma nova l\u00edngua, me virar sozinha, adquirir uma f\u00e9rrea disciplina de estudos ampliou muito meus horizontes e me ajudou a tocar a vida.<\/p>\n<p>Quando voltei ao Brasil, a ditadura continuava, mas come\u00e7ava-se a vislumbrar uma luz no fim do t\u00fanel. Eu estava formada, meu marido, ainda n\u00e3o. Ambos quer\u00edamos continuar estudando e escrever. Fomos procurar emprego em jornais. Ele conseguiu, eu n\u00e3o. Foi a primeira sensa\u00e7\u00e3o forte que tive de que ser mulher me colocava em desvantagem. Fui cursar p\u00f3s-gradua\u00e7\u00e3o em Ci\u00eancia Pol\u00edtica, fazia bicos de tradu\u00e7\u00e3o e pesquisa, fiquei gr\u00e1vida&#8230; e a\u00ed, adeus emprego, pois quem \u00e9 que contrata mulher prenha?<\/p>\n<p>Ter filhos \u2013 tenho duas \u2013 foi maravilhoso. Ao mesmo tempo, foi um choque perceber que por mais que f\u00f4ssemos jovens e revolucion\u00e1rios, n\u00e3o entrava na cabe\u00e7a dos homens que um casal deve dividir igualmente os cuidados com os filhos. E eu me envolvi de corpo e alma com o movimento de mulheres que come\u00e7ava a se organizar no Brasil e que lutava para mudar a situa\u00e7\u00e3o da mulher e pela volta da democracia.<\/p>\n<p>Com duas filhas pequenas para sustentar, o sonho de continuar estudando e conseguir um emprego em que pudesse trabalhar com pesquisa e escrita foi pro belel\u00e9u. Passei alguns anos fazendo um trabalho burocr\u00e1tico numa editora e outros tantos como assessora pol\u00edtica nos primeiros anos de governo democr\u00e1tico em S\u00e3o Paulo.<\/p>\n<p>Com o lan\u00e7amento do meu primeiro livro, tomei coragem para me dedicar de corpo e alma a escrever livros infantis e juvenis. Meus livros refletem bastante a minha experi\u00eancia de vida. Muitos deles tratam de quest\u00f5es que sempre me mobilizaram como as desigualdades sociais, o racismo, a discrimina\u00e7\u00e3o da mulher.<\/p>\n<p>Percebi tamb\u00e9m, logo que comecei a escrever, que de nada adiantava ter bons livros, se, de um lado, uma boa parte da popula\u00e7\u00e3o n\u00e3o tinha acesso a eles e, de outro, as escolas muitas vezes n\u00e3o estavam preparadas para trabalhar com os livros. Vi casos incr\u00edveis de livros guardados h\u00e1 tempos na diretoria de escolas por causa do medo de que as crian\u00e7as os estragassem!<\/p>\n<p>Ent\u00e3o, durante um bom tempo, me dediquei tamb\u00e9m a juntar pessoas e, coletivamente, bolar e desenvolver projetos de incentivo \u00e0 leitura que pudessem ajudar a reverter essa situa\u00e7\u00e3o.<\/p>\n<p>Quero terminar essa apresenta\u00e7\u00e3o dizendo que uma das coisas que mais me diverte e fascina \u00e9 ver meus netos crescerem e curtirem cada vez mais livros e hist\u00f3rias.<\/p>\n<\/div>\n<div>\n<div><\/div>\n<\/div>\n<p><a href=\"#Topo\"><span class=\"Apple-style-span\" style=\"color: #800080;\">&lt;&lt; VOLTAR PARA O TOPO<\/span><\/a><\/p>\n","protected":false},"excerpt":{"rendered":"<p>Um belo dia, tive um daqueles ataques t\u00edpicos de m\u00e3e. Como sempre, eu tinha trabalhado o dia todo, corrido para buscar minhas filhas na escola, j\u00e1 tinha dado banho nas duas, estava preparando seu jantar e elas na minha cabe\u00e7a, sem parar: \u201cm\u00e3e, eu quero isso\u201d, \u201cm\u00e3e, me d\u00e1 aquilo\u201d, \u201cm\u00e3e, olha a minha irm\u00e3!\u201d, [&hellip;]<\/p>\n","protected":false},"author":1,"featured_media":0,"parent":0,"menu_order":0,"comment_status":"closed","ping_status":"closed","template":"full-width.php","meta":{"footnotes":""},"class_list":["post-1432","page","type-page","status-publish","hentry"],"_links":{"self":[{"href":"https:\/\/liazatz.com.br\/site\/wp-json\/wp\/v2\/pages\/1432","targetHints":{"allow":["GET"]}}],"collection":[{"href":"https:\/\/liazatz.com.br\/site\/wp-json\/wp\/v2\/pages"}],"about":[{"href":"https:\/\/liazatz.com.br\/site\/wp-json\/wp\/v2\/types\/page"}],"author":[{"embeddable":true,"href":"https:\/\/liazatz.com.br\/site\/wp-json\/wp\/v2\/users\/1"}],"replies":[{"embeddable":true,"href":"https:\/\/liazatz.com.br\/site\/wp-json\/wp\/v2\/comments?post=1432"}],"version-history":[{"count":8,"href":"https:\/\/liazatz.com.br\/site\/wp-json\/wp\/v2\/pages\/1432\/revisions"}],"predecessor-version":[{"id":1445,"href":"https:\/\/liazatz.com.br\/site\/wp-json\/wp\/v2\/pages\/1432\/revisions\/1445"}],"wp:attachment":[{"href":"https:\/\/liazatz.com.br\/site\/wp-json\/wp\/v2\/media?parent=1432"}],"curies":[{"name":"wp","href":"https:\/\/api.w.org\/{rel}","templated":true}]}}